{"id":315,"date":"2018-02-16T16:17:00","date_gmt":"2018-02-16T16:17:00","guid":{"rendered":"http:\/\/isce.com.pe\/?page_id=315"},"modified":"2018-02-20T18:30:05","modified_gmt":"2018-02-20T18:30:05","slug":"accesorios-electricos","status":"publish","type":"page","link":"https:\/\/isce.com.pe\/index.php\/productos\/accesorios-electricos\/","title":{"rendered":"ACCESORIOS ELECTRICOS"},"content":{"rendered":"<div class=\"wpb-content-wrapper\">[vc_row][vc_column width=&#8221;1\/3&#8243;]\t<div class=\"categories-menu visible-large  show_home show_inner\">\n\t\t<div class=\"catemenu-toggler\"><i class=\"ion-android-menu\"><\/i><span>Categories<\/span><\/div>\n\t\t<div class=\"categories-menu-container\"><ul id=\"menu-categorias\" class=\"categories-menu\"><li id=\"menu-item-364\" class=\"menu-item menu-item-type-post_type menu-item-object-page first menu-item-364\"><a href=\"https:\/\/isce.com.pe\/index.php\/productos\/\">PRODUCTOS<\/a><\/li>\n<li id=\"menu-item-365\" class=\"menu-item menu-item-type-post_type menu-item-object-page menu-item-has-children menu-item-365\"><a href=\"https:\/\/isce.com.pe\/index.php\/productos\/accesorios-electricos\/\">ACCESORIOS ELECTRICOS<\/a>\n<ul class=\"sub-menu\">\n\t<li id=\"menu-item-431\" class=\"menu-item menu-item-type-post_type menu-item-object-product menu-item-431\"><a href=\"https:\/\/isce.com.pe\/index.php\/producto\/ec050-contador-de-energia-monofasico-230v\/\">EC050 Contador de Energ\u00eda Monof\u00e1sico 230V<\/a><\/li>\n\t<li id=\"menu-item-432\" class=\"menu-item menu-item-type-post_type menu-item-object-product menu-item-432\"><a href=\"https:\/\/isce.com.pe\/index.php\/producto\/ec051-contador-de-energia-monofasico-medida-directa-32a-con-emisor-impulsos\/\">EC051 Contador de energ\u00eda monof\u00e1sico medida directa 32A con emisor impulsos<\/a><\/li>\n\t<li id=\"menu-item-434\" class=\"menu-item menu-item-type-post_type menu-item-object-product menu-item-434\"><a href=\"https:\/\/isce.com.pe\/index.php\/producto\/ec150-contador-de-energia-monofasico-63a\/\">EC150 Contador de Energ\u00eda Monof\u00e1sico 63A<\/a><\/li>\n\t<li id=\"menu-item-433\" class=\"menu-item menu-item-type-post_type menu-item-object-product menu-item-433\"><a href=\"https:\/\/isce.com.pe\/index.php\/producto\/ec152-contador-de-energia-monofasico-63a-doble-tarifa\/\">EC152 Contador de energ\u00eda monof\u00e1sico 63A Doble Tarifa<\/a><\/li>\n<\/ul>\n<\/li>\n<li id=\"menu-item-398\" class=\"menu-item menu-item-type-custom menu-item-object-custom menu-item-398\"><a href=\"http:\/\/#\">CABLEADO ESTRUCTURADO<\/a><\/li>\n<li id=\"menu-item-399\" class=\"menu-item menu-item-type-custom menu-item-object-custom menu-item-399\"><a href=\"http:\/\/#\">CABLEADO DE TELECOMUNICACI\u00d3N<\/a><\/li>\n<li id=\"menu-item-400\" class=\"menu-item menu-item-type-custom menu-item-object-custom menu-item-400\"><a href=\"http:\/\/#\">SENSORES DE INCENDIO<\/a><\/li>\n<li id=\"menu-item-401\" class=\"menu-item menu-item-type-custom menu-item-object-custom menu-item-401\"><a href=\"http:\/\/#\">LUCES DE EMERGENCIA<\/a><\/li>\n<li id=\"menu-item-402\" class=\"menu-item menu-item-type-custom menu-item-object-custom menu-item-402\"><a href=\"http:\/\/#\">C\u00c1MARAS DE VIGILANCIA<\/a><\/li>\n<li id=\"menu-item-403\" class=\"menu-item menu-item-type-custom menu-item-object-custom menu-item-403\"><a href=\"http:\/\/#\">ENERGIZADORES<\/a><\/li>\n<li id=\"menu-item-404\" class=\"menu-item menu-item-type-custom menu-item-object-custom menu-item-404\"><a href=\"http:\/\/#\">TABLEROS METALICOS<\/a><\/li>\n<li id=\"menu-item-405\" class=\"menu-item menu-item-type-custom menu-item-object-custom last menu-item-405\"><a href=\"http:\/\/#\">BOMBAS HIDRAULICAS<\/a><\/li>\n<\/ul><\/div>\t\t<div class=\"morelesscate\">\n\t\t\t<span class=\"morecate\"><i class=\"ion-ios-more-outline\"><\/i>menos<\/span>\n\t\t\t<span class=\"lesscate\"><i class=\"ion-ios-more-outline\"><\/i>Mas<\/span>\n\t\t<\/div>\n\t<\/div>\n\t[\/vc_column][vc_column width=&#8221;1\/3&#8243;][vc_row_inner][vc_column_inner width=&#8221;1\/2&#8243;][vc_single_image image=&#8221;320&#8243;][vc_separator color=&#8221;black&#8221; style=&#8221;shadow&#8221;][vc_column_text]\n<h5 class=\"big\"><span style=\"color: #000000;\"><strong><span class=\"normtextmarked\">EC050 Contador de Energ\u00eda Monof\u00e1sico 230V<\/span><\/strong><\/span><\/h5>\n<ul>\n<li><span style=\"font-size: 10pt; font-family: times\\ new\\ roman, times, serif; color: #000000;\"><strong>Tensi\u00f3n asignada de empleo en alterna:<\/strong> 230 V<\/span><\/li>\n<li><span style=\"font-size: 10pt; font-family: times\\ new\\ roman, times, serif; color: #000000;\"><strong>Corriente asignada nominal:<\/strong> 32 A<\/span><\/li>\n<li><span style=\"font-size: 10pt; font-family: times\\ new\\ roman, times, serif; color: #000000;\"><strong>Empalme:<\/strong> Conexi\u00f3n directa<\/span><\/li>\n<\/ul>\n[\/vc_column_text][vc_btn title=&#8221;Ver&#8221; color=&#8221;warning&#8221; size=&#8221;sm&#8221; link=&#8221;url:http%3A%2F%2Fisce.com.pe%2Findex.php%2Fproducto%2Fec050-contador-de-energia-monofasico-230v%2F|||&#8221;][\/vc_column_inner][vc_column_inner width=&#8221;1\/2&#8243;][vc_single_image image=&#8221;330&#8243;][vc_separator color=&#8221;black&#8221; style=&#8221;shadow&#8221;][vc_column_text]\n<h5 class=\"big\"><span style=\"color: #000000;\"><strong><span class=\"normtextmarked\"><span style=\"font-size: 8pt;\">EC051 Contador de Energ\u00eda Monof\u00e1sico 230V con Emisor Impulsos<\/span><br \/>\n<\/span><\/strong><\/span><\/h5>\n<ul>\n<li><span style=\"font-size: 10pt; font-family: times\\ new\\ roman, times, serif; color: #000000;\"><strong>Tensi\u00f3n asignada de empleo en alterna:<\/strong> 230 V<\/span><\/li>\n<li><span style=\"font-size: 10pt; font-family: times\\ new\\ roman, times, serif; color: #000000;\"><strong>Corriente asignada nominal:<\/strong> 32 A<\/span><\/li>\n<li><span style=\"font-size: 10pt; font-family: times\\ new\\ roman, times, serif; color: #000000;\"><strong>Empalme:<\/strong> Conexi\u00f3n directa<\/span><\/li>\n<\/ul>\n[\/vc_column_text][vc_btn title=&#8221;Ver&#8221; color=&#8221;warning&#8221; size=&#8221;sm&#8221; link=&#8221;url:http%3A%2F%2Fisce.com.pe%2Findex.php%2Fproducto%2Fec051-contador-de-energia-monofasico-medida-directa-32a-con-emisor-impulsos%2F|||&#8221;][\/vc_column_inner][\/vc_row_inner][\/vc_column][vc_column width=&#8221;1\/3&#8243;][vc_row_inner][vc_column_inner width=&#8221;1\/2&#8243;][vc_single_image image=&#8221;352&#8243;][vc_separator color=&#8221;black&#8221; style=&#8221;shadow&#8221;][vc_column_text]\n<h5 class=\"big\"><span style=\"color: #000000;\"><strong><span class=\"normtextmarked\">EC150 Contador de Energ\u00eda Monof\u00e1sico 230V<\/span><\/strong><\/span><\/h5>\n<ul>\n<li><span style=\"font-size: 10pt; font-family: times\\ new\\ roman, times, serif; color: #000000;\"><strong>Tensi\u00f3n asignada de empleo en alterna:<\/strong> 230 V<\/span><\/li>\n<li><span style=\"font-size: 10pt; font-family: times\\ new\\ roman, times, serif; color: #000000;\"><strong>Corriente asignada nominal:<\/strong> 63 A<\/span><\/li>\n<li><span style=\"font-size: 10pt; font-family: times\\ new\\ roman, times, serif; color: #000000;\"><strong>Empalme:<\/strong> Conexi\u00f3n directa<\/span><\/li>\n<\/ul>\n[\/vc_column_text][vc_btn title=&#8221;Ver&#8221; color=&#8221;warning&#8221; size=&#8221;sm&#8221; link=&#8221;url:http%3A%2F%2Fisce.com.pe%2Findex.php%2Fproducto%2Fec150-contador-de-energia-monofasico-63a%2F|||&#8221;][\/vc_column_inner][vc_column_inner width=&#8221;1\/2&#8243;][vc_single_image image=&#8221;344&#8243;][vc_separator color=&#8221;black&#8221; style=&#8221;shadow&#8221;][vc_column_text]\n<h5 class=\"big\"><span style=\"color: #000000;\"><strong><span class=\"normtextmarked\">EC152 Contador de Energ\u00eda Monof\u00e1sico 230V Doble Tarifa<br \/>\n<\/span><\/strong><\/span><\/h5>\n<ul>\n<li><span style=\"font-size: 10pt; font-family: times\\ new\\ roman, times, serif; color: #000000;\"><strong>Tensi\u00f3n asignada de empleo en alterna:<\/strong> 230 V<\/span><\/li>\n<li><span style=\"font-size: 10pt; font-family: times\\ new\\ roman, times, serif; color: #000000;\"><strong>Corriente asignada nominal:<\/strong> 63 A<\/span><\/li>\n<li><span style=\"font-size: 10pt; font-family: times\\ new\\ roman, times, serif; color: #000000;\"><strong>Empalme:<\/strong> Conexi\u00f3n directa<\/span><\/li>\n<\/ul>\n[\/vc_column_text][vc_btn title=&#8221;Ver&#8221; color=&#8221;warning&#8221; size=&#8221;sm&#8221; link=&#8221;url:http%3A%2F%2Fisce.com.pe%2Findex.php%2Fproducto%2Fec152-contador-de-energia-monofasico-63a-doble-tarifa%2F|||&#8221;][\/vc_column_inner][\/vc_row_inner][\/vc_column][\/vc_row]\n<\/div>","protected":false},"excerpt":{"rendered":"<p>[vc_row][vc_column width=&#8221;1\/3&#8243;][\/vc_column][vc_column width=&#8221;1\/3&#8243;][vc_row_inner][vc_column_inner width=&#8221;1\/2&#8243;][vc_single_image image=&#8221;320&#8243;][vc_separator color=&#8221;black&#8221; style=&#8221;shadow&#8221;][vc_column_text] EC050 Contador de Energ\u00eda Monof\u00e1sico 230V Tensi\u00f3n asignada de empleo en alterna: 230 V Corriente<\/p>\n","protected":false},"author":1,"featured_media":0,"parent":274,"menu_order":0,"comment_status":"closed","ping_status":"closed","template":"","meta":{"footnotes":""},"class_list":["post-315","page","type-page","status-publish","hentry"],"_links":{"self":[{"href":"https:\/\/isce.com.pe\/index.php\/wp-json\/wp\/v2\/pages\/315","targetHints":{"allow":["GET"]}}],"collection":[{"href":"https:\/\/isce.com.pe\/index.php\/wp-json\/wp\/v2\/pages"}],"about":[{"href":"https:\/\/isce.com.pe\/index.php\/wp-json\/wp\/v2\/types\/page"}],"author":[{"embeddable":true,"href":"https:\/\/isce.com.pe\/index.php\/wp-json\/wp\/v2\/users\/1"}],"replies":[{"embeddable":true,"href":"https:\/\/isce.com.pe\/index.php\/wp-json\/wp\/v2\/comments?post=315"}],"version-history":[{"count":27,"href":"https:\/\/isce.com.pe\/index.php\/wp-json\/wp\/v2\/pages\/315\/revisions"}],"predecessor-version":[{"id":462,"href":"https:\/\/isce.com.pe\/index.php\/wp-json\/wp\/v2\/pages\/315\/revisions\/462"}],"up":[{"embeddable":true,"href":"https:\/\/isce.com.pe\/index.php\/wp-json\/wp\/v2\/pages\/274"}],"wp:attachment":[{"href":"https:\/\/isce.com.pe\/index.php\/wp-json\/wp\/v2\/media?parent=315"}],"curies":[{"name":"wp","href":"https:\/\/api.w.org\/{rel}","templated":true}]}}